{"id":293,"date":"2018-12-26T09:07:52","date_gmt":"2018-12-26T09:07:52","guid":{"rendered":"https:\/\/www.cristianos-viladecans.org\/wp2018\/?page_id=293"},"modified":"2019-01-01T22:01:49","modified_gmt":"2019-01-01T22:01:49","slug":"ensenanza-biblica","status":"publish","type":"page","link":"https:\/\/www.cristianos-viladecans.org\/wp2018\/ensenanza-biblica\/","title":{"rendered":"Ense\u00f1anza b\u00edblica"},"content":{"rendered":"<p>Como cristianos evang\u00e9licos que somos, consideramos la Biblia como base fundamental de nuestra fe y conducta, tal y como as\u00ed lo expresa la propia Biblia:<\/p>\n<blockquote><p>\u00abL\u00e1mpara\u00a0es\u00a0a\u00a0mis\u00a0pies\u00a0tu\u00a0palabra, y luz para mi camino.\u00bb Salmo 119:105<\/p><\/blockquote>\n<p>As\u00ed que las actividades destinadas a promover la formaci\u00f3n b\u00edblica son esenciales en nuestra vida comunitaria.<\/p>\n<h3>Predicaci\u00f3n de la Palabra<a name=\"predicacion\"><\/a><\/h3>\n<table>\n<tbody>\n<tr>\n<td>\n<p><div id=\"attachment_371\" style=\"width: 310px\" class=\"wp-caption alignleft\"><img aria-describedby=\"caption-attachment-371\" decoding=\"async\" loading=\"lazy\" src=\"https:\/\/www.cristianos-viladecans.org\/wp2018\/wp-content\/uploads\/2019\/01\/IMG_6197-300x225.jpg\" alt=\"\" width=\"300\" height=\"225\" class=\"wp-image-371 size-medium\" srcset=\"https:\/\/www.cristianos-viladecans.org\/wp2018\/wp-content\/uploads\/2019\/01\/IMG_6197-300x225.jpg 300w, https:\/\/www.cristianos-viladecans.org\/wp2018\/wp-content\/uploads\/2019\/01\/IMG_6197-scaled-600x450.jpg 600w, https:\/\/www.cristianos-viladecans.org\/wp2018\/wp-content\/uploads\/2019\/01\/IMG_6197-768x576.jpg 768w, https:\/\/www.cristianos-viladecans.org\/wp2018\/wp-content\/uploads\/2019\/01\/IMG_6197-1024x768.jpg 1024w\" sizes=\"(max-width: 300px) 100vw, 300px\" \/><p id=\"caption-attachment-371\" class=\"wp-caption-text\">Predicaci\u00f3n de la Palabra<\/p><\/div><\/td>\n<td style=\"text-align: justify;\">\n<p align=\"justify\">Cada domingo celebramos nuestro culto dominical con un tiempo de alabanza y de predicaci\u00f3n de la Palabra (<a href=\".\/visitanos\/#horario_cultos\">ver horarios<\/a>). A menudo los mensajes est\u00e1n agrupados en series de predicaciones. Las \u00faltimas series de predicaciones que hemos compartido en la iglesia son:<\/p>\n<ul>\n<li>Los regalos de la Navidad<\/li>\n<li>Los YO SOY de Jesucristo<\/li>\n<li>Las par\u00e1bolas de Lucas<\/li>\n<\/ul>\n<p>Puedes escuchar todas nuestras predicaciones <a href=\"https:\/\/www.cristianos-viladecans.org\/wp2018\/category\/predicaciones\/\">en esta p\u00e1gina<\/a>.<\/td>\n<\/tr>\n<\/tbody>\n<\/table>\n<h3>Escuela dominical<a name=\"escuela_dominical\"><\/a><\/h3>\n<table>\n<tbody>\n<tr>\n<td style=\"width: 339px;\">\n<p><div id=\"attachment_351\" style=\"width: 310px\" class=\"wp-caption alignleft\"><img aria-describedby=\"caption-attachment-351\" decoding=\"async\" loading=\"lazy\" src=\"https:\/\/www.cristianos-viladecans.org\/wp2018\/wp-content\/uploads\/2019\/01\/IMG_6145-300x225.jpg\" alt=\"\" width=\"300\" height=\"225\" class=\"wp-image-351 size-medium\" srcset=\"https:\/\/www.cristianos-viladecans.org\/wp2018\/wp-content\/uploads\/2019\/01\/IMG_6145-300x225.jpg 300w, https:\/\/www.cristianos-viladecans.org\/wp2018\/wp-content\/uploads\/2019\/01\/IMG_6145-600x450.jpg 600w, https:\/\/www.cristianos-viladecans.org\/wp2018\/wp-content\/uploads\/2019\/01\/IMG_6145-768x576.jpg 768w, https:\/\/www.cristianos-viladecans.org\/wp2018\/wp-content\/uploads\/2019\/01\/IMG_6145-1024x768.jpg 1024w\" sizes=\"(max-width: 300px) 100vw, 300px\" \/><p id=\"caption-attachment-351\" class=\"wp-caption-text\">Escuela dominical de j\u00f3venes<\/p><\/div><\/td>\n<td style=\"width: 444px; text-align: justify;\">Cada domingo tenemos nuestras escuelas dominicales por grupos de edad (<a href=\".\/visitanos\/#horario_cultos\">ver horarios<\/a>). En estos grupos de edad se estudia la Biblia de forma sistematizada y adaptada a cada grupo de edad. Adem\u00e1s, los estudios se hacen de forma participativa donde los alumnos pueden hacer preguntas y aportaciones. En estos momentos disponemos de los siguientes grupos de edad:<\/td>\n<\/tr>\n<\/tbody>\n<\/table>\n<table border=\"0\">\n<tbody>\n<tr>\n<td style=\"width: 483px; vertical-align: top;\">\n<ul>\n<li>Ni\u00f1os peque\u00f1os<\/li>\n<li>J\u00f3venes<\/li>\n<li>Adultos<\/li>\n<\/ul>\n<p>Los \u00faltimos temas tratados en el grupo de adultos son:<\/p>\n<ul>\n<li>Salmos y Proverbios<\/li>\n<li>Crecimiento espiritual<\/li>\n<li>Bienaventuranzas<\/li>\n<li>Semana Santa<\/li>\n<li>Fiestas del pueblo de Israel<\/li>\n<\/ul>\n<\/td>\n<td style=\"width: 300px;\">\n<p><div id=\"attachment_352\" style=\"width: 310px\" class=\"wp-caption alignnone\"><img aria-describedby=\"caption-attachment-352\" decoding=\"async\" loading=\"lazy\" src=\"https:\/\/www.cristianos-viladecans.org\/wp2018\/wp-content\/uploads\/2019\/01\/IMG_6147-300x225.jpg\" alt=\"\" width=\"300\" height=\"225\" class=\"size-medium wp-image-352\" srcset=\"https:\/\/www.cristianos-viladecans.org\/wp2018\/wp-content\/uploads\/2019\/01\/IMG_6147-300x225.jpg 300w, https:\/\/www.cristianos-viladecans.org\/wp2018\/wp-content\/uploads\/2019\/01\/IMG_6147-600x450.jpg 600w, https:\/\/www.cristianos-viladecans.org\/wp2018\/wp-content\/uploads\/2019\/01\/IMG_6147-768x576.jpg 768w, https:\/\/www.cristianos-viladecans.org\/wp2018\/wp-content\/uploads\/2019\/01\/IMG_6147-1024x768.jpg 1024w\" sizes=\"(max-width: 300px) 100vw, 300px\" \/><p id=\"caption-attachment-352\" class=\"wp-caption-text\">Escuela dominical de ni\u00f1os<\/p><\/div><\/td>\n<\/tr>\n<\/tbody>\n<\/table>\n<h3>Estudio b\u00edblico entre semana<a name=\"estudio_biblico\"><\/a><\/h3>\n<p align=\"justify\">Adem\u00e1s de las actividades dominicales, tambi\u00e9n celebramos un culto de oraci\u00f3n y estudio b\u00edblico entre semana (<a href=\".\/visitanos\/#horario_cultos\">ver horarios<\/a>). En este estudio b\u00edblico se estudia la Biblia sistem\u00e1ticamente de forma similar a como se hace en la escuela dominical de adultos. Aunque el m\u00e9todo de ense\u00f1anza sea similar al llevado a cabo en la escuela dominical de adultos, los temas tratados son distintos y complementarios entre si.<\/p>\n<h3>Otras actividades formativas<\/h3>\n<p>Adem\u00e1s de las actividades que realizamos permanentemente, tambi\u00e9n llevamos a cabo otras de forma espor\u00e1dica, seg\u00fan las necesidades de la comunidad. A continuaci\u00f3n se citan las m\u00e1s destacadas:<\/p>\n<ul>\n<li>Estudios b\u00edblicos personalizados para personas que desean bautizarse.<\/li>\n<li>Estudios personalizados para prepararse para servir en la iglesia.<\/li>\n<li>Taller de predicadores destinado a mejorar la calidad de las predicaciones.<\/li>\n<\/ul>\n<p>&nbsp;<\/p>\n","protected":false},"excerpt":{"rendered":"<p>Como cristianos evang\u00e9licos que somos, consideramos la Biblia como base fundamental de nuestra fe y conducta, tal y como as\u00ed lo expresa la propia Biblia: \u00abL\u00e1mpara\u00a0es\u00a0a\u00a0mis\u00a0pies\u00a0tu\u00a0palabra, y luz para mi camino.\u00bb Salmo 119:105 As\u00ed que las actividades destinadas a promover la formaci\u00f3n b\u00edblica son esenciales en nuestra vida comunitaria. Predicaci\u00f3n [&hellip;]<\/p>\n","protected":false},"author":1,"featured_media":0,"parent":0,"menu_order":0,"comment_status":"closed","ping_status":"closed","template":"","meta":[],"aioseo_notices":[],"_links":{"self":[{"href":"https:\/\/www.cristianos-viladecans.org\/wp2018\/wp-json\/wp\/v2\/pages\/293"}],"collection":[{"href":"https:\/\/www.cristianos-viladecans.org\/wp2018\/wp-json\/wp\/v2\/pages"}],"about":[{"href":"https:\/\/www.cristianos-viladecans.org\/wp2018\/wp-json\/wp\/v2\/types\/page"}],"author":[{"embeddable":true,"href":"https:\/\/www.cristianos-viladecans.org\/wp2018\/wp-json\/wp\/v2\/users\/1"}],"replies":[{"embeddable":true,"href":"https:\/\/www.cristianos-viladecans.org\/wp2018\/wp-json\/wp\/v2\/comments?post=293"}],"version-history":[{"count":9,"href":"https:\/\/www.cristianos-viladecans.org\/wp2018\/wp-json\/wp\/v2\/pages\/293\/revisions"}],"predecessor-version":[{"id":373,"href":"https:\/\/www.cristianos-viladecans.org\/wp2018\/wp-json\/wp\/v2\/pages\/293\/revisions\/373"}],"wp:attachment":[{"href":"https:\/\/www.cristianos-viladecans.org\/wp2018\/wp-json\/wp\/v2\/media?parent=293"}],"curies":[{"name":"wp","href":"https:\/\/api.w.org\/{rel}","templated":true}]}}