{"id":152,"date":"2018-06-16T14:42:32","date_gmt":"2018-06-16T14:42:32","guid":{"rendered":"https:\/\/www.cristianos-viladecans.org\/wp2018\/?page_id=152"},"modified":"2020-01-08T12:57:22","modified_gmt":"2020-01-08T12:57:22","slug":"aviso-legal","status":"publish","type":"page","link":"https:\/\/www.cristianos-viladecans.org\/wp2018\/aviso-legal\/","title":{"rendered":"Aviso legal"},"content":{"rendered":"<p>De acuerdo con la exigencia del art\u00edculo 10 de la Ley 34\/2002, de 11 de julio, de Servicios de la Sociedad de la Informaci\u00f3n y de Comercio Electr\u00f3nico (LSSI-CE), IGLESIA EVANG\u00c9LICA DE VILADECANS informa de los siguientes datos:<\/p>\n<h3>Titular del sitio web<\/h3>\n<p>Raz\u00f3n Social: IGLESIA EVANG\u00c9LICA DE VILADECANS<br \/>\nCIF: R5800335A<br \/>\nDenominaci\u00f3n comercial: IGLESIA EVANG\u00c9LICA DE VILADECANS<br \/>\nDomicilio fiscal: GRUP SANT JORDI 12-13 de VILADECANS, 08840 BARCELONA.<br \/>\nContacto:\u00a0info@cristianos-viladecans.org<br \/>\nRegistro Mercantil: , Tomo: , Hoja: , Folio: , N\u00famero de inscripci\u00f3n:<\/p>\n<p>La presente informaci\u00f3n regula las condiciones de uso, las limitaciones de responsabilidad y las obligaciones que los usuarios de la p\u00e1gina Web que se publica\u00a0bajo el nombre del dominio WWW.CRISTIANOS-VILADECANS.ORG las cuales los\u00a0usuarios asumen y se comprometen a respetar.<\/p>\n<h3>Cookies<\/h3>\n<p>www.cristianos-viladecans.org utiliza cookies para facilitar la navegaci\u00f3n\u00a0por dicho portal y para obtener una mayor eficacia y personalizaci\u00f3n de los servicios\u00a0ofrecidos a los usuarios. Las cookies empleadas en www.cristianos-viladecans.org se asocian \u00fanicamente con un usuario\u00a0an\u00f3nimo y su ordenador, no\u00a0 proporcionan referencias que permitan deducir el\u00a0nombre y apellidos del usuario y no pueden leer datos de su disco duro ni incluir\u00a0virus en sus equipos. Asimismo, www.cristianos-viladecans.org no puede\u00a0leer las cookies implantadas en el disco duro del usuario desde otros servidores.<\/p>\n<p>El usuario puede libremente decidir acerca de la implantaci\u00f3n o no en su disco duro\u00a0de las cookies empleadas en www.cristianos-viladecans.org. En este\u00a0sentido, el usuario puede configurar su navegador para aceptar o rechazar por\u00a0defecto todas las cookies o para recibir un aviso en pantalla de la recepci\u00f3n de cada\u00a0cookie y decidir en ese momento su implantaci\u00f3n o no en su disco duro. Para ello le\u00a0sugerimos consultar la secci\u00f3n de ayuda de su navegador para saber c\u00f3mo cambiar\u00a0la configuraci\u00f3n que actualmente emplea. Aun cuando el usuario configurase su\u00a0navegador para rechazar todas las cookies o rechazase expresamente las cookies\u00a0de www.cristianos-viladecans.org podr\u00e1 navegar por el portal con el \u00fanico\u00a0inconveniente de no poder disfrutar de las funcionalidades del portal que requieran la\u00a0instalaci\u00f3n de alguna de ellas. En cualquier caso, el usuario podr\u00e1 eliminar las\u00a0cookies de\u00a0www.cristianos-viladecans.org implantadas en su disco duro\u00a0en cualquier momento, siguiendo el procedimiento establecido en la secci\u00f3n de\u00a0ayuda de su navegador o entrando en el enlace Pol\u00edtica de Cookies de este sitio web.<\/p>\n<h3>Pol\u00edtica de privacidad<\/h3>\n<p>IGLESIA EVANG\u00c9LICA DE VILADECANS garantiza la privacidad de los datos de car\u00e1cter personal aportados, seg\u00fan el Reglamento General de Protecci\u00f3n de Datos\u00a0(RGPD).<\/p>\n<p>La visita a esta p\u00e1gina web no supone que el usuario est\u00e9 obligado a facilitar ninguna\u00a0informaci\u00f3n sobre s\u00ed mismo, no obstante, durante la visita es posible que se soliciten\u00a0datos de car\u00e1cter personal a trav\u00e9s de formularios.<\/p>\n<p>Dichos datos ser\u00e1n incorporados a un fichero responsabilidad de IGLESIA EVANG\u00c9LICA DE VILADECANS y ser\u00e1n utilizados con la finalidad de contestar la solicitud realizada por su parte y para enviarles informaci\u00f3n de nuestra entidad y servicios por cualquier medio de comunicaci\u00f3n. Al enviarnos dicho formulario, usted<br \/>\nest\u00e1 aceptando expl\u00edcitamente la recepci\u00f3n de los mismos. Estos datos se\u00a0cancelar\u00e1n a petici\u00f3n suya o una vez satisfecho la finalidad para la que fueron\u00a0recabados.<br \/>\n<strong>C\u00f3mo ejercitar los derechos:<\/strong> Los usuarios pueden dirigir una comunicaci\u00f3n por escrito a IGLESIA EVANG\u00c9LICA DE VILADECANS con domicilio en GRUP SANT\u00a0JORDI 12-13 de VILADECANS, 08840 BARCELONA, o a la direcci\u00f3n de correo\u00a0electr\u00f3nico info@cristianos-viladecans.org incluyendo en ambos casos una\u00a0fotocopia de su DNI u otro documento identificativo similar, para ejercitar sus derechos, que son los siguientes:<br \/>\n\u25cf Derecho a solicitar el acceso a los datos personales: usted podr\u00e1 preguntar a IGLESIA EVANG\u00c9LICA DE VILADECANS si esta empresa est\u00e1 tratando sus\u00a0datos.<br \/>\n\u25cf Derecho a solicitar su rectificaci\u00f3n (en caso de que sean incorrectos) o supresi\u00f3n.<br \/>\n\u25cf Derecho a solicitar la limitaci\u00f3n de su tratamiento, en cuyo caso \u00fanicamente ser\u00e1n conservados por IGLESIA EVANG\u00c9LICA DE VILADECANS para el ejercicio o la defensa de reclamaciones.<br \/>\n\u25cf Derecho a oponerse al tratamiento: IGLESIA EVANG\u00c9LICA DE VILADECANS dejar\u00e1 de tratar los datos en la forma que usted indique, salvo\u00a0que por motivos leg\u00edtimos imperiosos o el ejercicio o la defensa de posibles<br \/>\nreclamaciones se tengan que seguir tratando.<br \/>\n\u25cf Derecho a la portabilidad de los datos: en caso de que quiera que sus datos\u00a0sean tratados por otra firma, IGLESIA EVANG\u00c9LICA DE VILADECANS le\u00a0facilitar\u00e1 la portabilidad de sus datos al nuevo responsable.<\/p>\n<p><strong>Modelos, formularios y m\u00e1s informaci\u00f3n sobre los derechos referidos:<\/strong><\/p>\n<p>P\u00e1gina oficial de la Agencia Espa\u00f1ola de Protecci\u00f3n de Datos<br \/>\n(<a href=\"http:\/\/www.agpd.es\/portalwebAGPD\/CanalDelCiudadano\/derechos\/index-ides-idphp.\" target=\"_blank\" rel=\"noopener noreferrer\">http:\/\/www.agpd.es\/portalwebAGPD\/CanalDelCiudadano\/derechos\/index-ides-idphp.<\/a><br \/>\nphp)<\/p>\n<p><strong>Posibilidad de retirar el consentimiento:<\/strong> en el caso de que se haya otorgado el\u00a0 consentimiento para alguna finalidad espec\u00edfica, usted tiene derecho a retirar el\u00a0consentimiento en cualquier momento, sin que ello afecte a la licitud del tratamiento\u00a0basado en el consentimiento previo a su retirada.<\/p>\n<p><strong>C\u00f3mo reclamar ante la Autoridad de Control:<\/strong> Si un usuario considera que hay un problema con la forma en que IGLESIA EVANG\u00c9LICA DE VILADECANS est\u00e1\u00a0manejando sus datos, puede dirigir sus reclamaciones a la autoridad de protecci\u00f3n\u00a0de datos que corresponda, siendo la Agencia Espa\u00f1ola de Protecci\u00f3n de Datos la<br \/>\nindicada en el caso de Espa\u00f1a.<\/p>\n<p>La negativa a proporcionar los datos supondr\u00e1 la no prestaci\u00f3n o la imposibilidad de acceder al servicio para los que eran solicitados. Usted tiene derecho a recibir\u00a0respuesta de cualquier pregunta, consulta o aclaraci\u00f3n que le surja derivada de este formulario.<\/p>\n<p>Las partes se someten, a su elecci\u00f3n, para la resoluci\u00f3n de los conflictos y con\u00a0renuncia a cualquier otro fuero, a los juzgados y tribunales del domicilio del\u00a0propietario del sitio Web.<\/p>\n<h3>Pol\u00edtica de enlaces<\/h3>\n<p>En caso de que se introduzca por un usuario de Internet un enlace desde su propio\u00a0Sitio Web al Sitio Web de IGLESIA EVANG\u00c9LICA DE VILADECANS, el enlace\u00a0\u00fanicamente vincular\u00e1 con la p\u00e1gina principal de \u00e9ste \u00faltimo, pero no podr\u00e1\u00a0reproducirla de ninguna forma, y, en caso de que se visualicen los contenidos del\u00a0Sitio Web con contenidos ajenos al mismo, estos contenidos ajenos no podr\u00e1n\u00a0inducir a error, confusi\u00f3n o enga\u00f1o en los Usuarios sobre la procedencia de sus\u00a0contenidos, ni suponer un acto de comparaci\u00f3n o imitaci\u00f3n desleal o un aprovechamiento de la reputaci\u00f3n de IGLESIA EVANG\u00c9LICA DE VILADECANS.<\/p>\n<p>No se realizar\u00e1 desde la p\u00e1gina que introduce el enlace ning\u00fan tipo de manifestaci\u00f3n falsa o inexacta sobre IGLESIA EVANG\u00c9LICA DE VILADECANS, Empresas Asociadas, colaboradores o empleados, ni se indicar\u00e1 en dicha p\u00e1gina que tienen el consentimiento de IGLESIA EVANG\u00c9LICA DE VILADECANS para la inserci\u00f3n del<br \/>\nenlace, o que IGLESIA EVANG\u00c9LICA DE VILADECANS tiene alguna relaci\u00f3n o\u00a0colaboraci\u00f3n con dicha p\u00e1gina.<\/p>\n<p>Salvo en los casos permitidos por la ley o expresamente autorizados por IGLESIA EVANG\u00c9LICA DE VILADECANS, siempre que se permita un enlace directo con su Sitio Web, queda prohibida la utilizaci\u00f3n de cualquier marca o cualquier otro signo distintivo de IGLESIA EVANG\u00c9LICA DE VILADECANS dentro de la p\u00e1gina donde se encuentre el enlace, salvo que se autorice expresamente. La p\u00e1gina que establezca el enlace deber\u00e1 cumplir con la ley y no disponer o enlazar con contenidos il\u00edcitos o contrarios a la moral y a las buenas costumbres.<\/p>\n<p>Por su parte, el propio Sitio Web incluye dispositivos t\u00e9cnicos de enlace que permiten al Usuario acceder a otras p\u00e1ginas y portales de Internet, actuando IGLESIA EVANG\u00c9LICA DE VILADECANS como prestador de servicios de intermediaci\u00f3n de conformidad con el art\u00edculo 17 de la Ley 34\/2002, de 11 de julio, de Servicios de la\u00a0Sociedad de la Informaci\u00f3n y de Comercio Electr\u00f3nico, por lo que s\u00f3lo ser\u00e1 responsable de los contenidos y servicios suministrados en los sitios enlazados en caso de que habiendo tenido conocimiento efectivo, en la forma prevista por la Ley\u00a0de Servicios de la Sociedad de la Informaci\u00f3n, de la ilicitud no haya desactivado el\u00a0enlace.<\/p>\n<p>La existencia de sitios enlazados no supone que existan acuerdos con los responsables o titulares de los mismos, y IGLESIA EVANG\u00c9LICA DE VILADECANS\u00a0no se hace responsable por los da\u00f1os producidos por la ilicitud, calidad,\u00a0desactualizaci\u00f3n, indisponibilidad, error e inutilidad de los contenidos de dichos sitios, puesto que los desconoce. En cualquier caso, si el Usuario tuviera\u00a0conocimiento de que los sitios enlazados remiten a p\u00e1ginas cuyos contenidos o\u00a0servicios son il\u00edcitos o contrarios a la moral deber\u00e1 ponerlo en conocimiento de\u00a0IGLESIA EVANG\u00c9LICA DE VILADECANS. A estos efectos se habilita la direcci\u00f3n de correo electr\u00f3nico <a href=\"mailto:info@cristianos-viladecans.org\" target=\"_blank\" rel=\"noopener noreferrer\">info@cristianos-viladecans.org<\/a>,\u00a0de esta forma, los usuarios deber\u00e1n comunicar: nombre, direcci\u00f3n, n\u00famero de tel\u00e9fono y direcci\u00f3n de correo electr\u00f3nico;\u00a0especificaci\u00f3n de la supuesta actividad il\u00edcita llevada a cabo en el Portal; hechos o\u00a0circunstancias que revelan el car\u00e1cter il\u00edcito de dicha actividad.<\/p>\n<h3>Condiciones de uso<\/h3>\n<p>La utilizaci\u00f3n de la p\u00e1gina otorga la utilizaci\u00f3n de usuario e implica la aceptaci\u00f3n de\u00a0Adaptaci\u00f3n a la Ley 34\/2002, de 11 de julio, de Servicios de la Sociedad de la Informaci\u00f3n y de Comercio Electr\u00f3nico las condiciones del aviso legal, pol\u00edtica de privacidad y condiciones de uso, si el\u00a0usuario no estuviera conforme, se abstendr\u00e1 de utilizar la p\u00e1gina. El usuario est\u00e1\u00a0obligado y se compromete a utilizar la p\u00e1gina y los contenidos de conformidad con la\u00a0legislaci\u00f3n vigente, el Aviso Legal, y cualquier otro aviso contenido en esta p\u00e1gina,\u00a0as\u00ed como con las normas de convivencia, la moral y buenas costumbres generalmente aceptadas.<\/p>\n<p>El Usuario se obliga y se compromete a no transmitir, difundir o poner a disposici\u00f3n de terceros cualquier contenido de la P\u00e1gina, tales como informaciones, textos,\u00a0datos, contenidos, mensajes, gr\u00e1ficos, dibujos, archivos de sonido y\/o imagen,\u00a0fotograf\u00edas, grabaciones, software, logotipos, marcas, iconos, tecnolog\u00eda, fotograf\u00edas,\u00a0software, enlaces, dise\u00f1o gr\u00e1fico y c\u00f3digos fuente, o cualquier otro material al que tuviera acceso en su condici\u00f3n de Usuario de la P\u00e1gina, sin que esta enumeraci\u00f3n\u00a0tenga car\u00e1cter limitativo.<\/p>\n<h3>Propiedad intelectual e industrial<\/h3>\n<p>Todas las marcas, nombres comerciales o signos distintivos de cualquier clase que aparecen en la p\u00e1gina son propiedad de IGLESIA EVANG\u00c9LICA DE VILADECANS\u00a0o, en su caso, de terceros que han autorizado su uso, sin que pueda entenderse que\u00a0el uso o acceso al portal y\/o a los contenidos atribuya al usuario derecho alguno\u00a0sobre las citadas marcas, nombres comerciales y\/o signos distintivos, y sin que\u00a0puedan entenderse cedidos al usuario, ninguno de los derechos de explotaci\u00f3n que\u00a0existen o puedan existir sobre dichos contenidos. Y no entiende cedidos ni se\u00a0autoriza su utilizaci\u00f3n, en ning\u00fan caso, a los usuarios de la p\u00e1gina salvo que se\u00a0obtengan dichos derechos por escrito del leg\u00edtimo titular de los mismos.<\/p>\n<h3>Redes sociales oficiales<\/h3>\n<p>El prestador de servicios de las p\u00e1ginas oficiales de IGLESIA EVANG\u00c9LICA DE VILADECANS en las redes sociales Facebook es la entidad IGLESIA EVANG\u00c9LICA\u00a0DE VILADECANS (en adelante IGLESIA EVANG\u00c9LICA DE VILADECANS) con\u00a0C.I.F. R5800335A y domicilio social en GRUP SANT JORDI 12-13 de VILADECANS,<br \/>\n08840 BARCELONA y mismo domicilio a efecto de notificaciones.\u00a0El acceso y uso de estas p\u00e1ginas requiere de la aceptaci\u00f3n de las condiciones\u00a0generales de uso de redes sociales y la pol\u00edtica de privacidad que m\u00e1s abajo se\u00a0detalla y se completa con la pol\u00edtica y las normas de las plataformas de red social de<br \/>\nFacebook.<\/p>\n<p>Para cualquier consulta o contacto con IGLESIA EVANG\u00c9LICA DE VILADECANS los usuarios podr\u00e1n comunicarse a trav\u00e9s del n\u00famero de tel\u00e9fono 0034 931 86 85 88 o\u00a0de la siguiente direcci\u00f3n electr\u00f3nica: <a href=\"mailto:info@cristianos-viladecans.org\" target=\"_blank\" rel=\"noopener noreferrer\">info@cristianos-viladecans.org<\/a>.<\/p>\n","protected":false},"excerpt":{"rendered":"<p>De acuerdo con la exigencia del art\u00edculo 10 de la Ley 34\/2002, de 11 de julio, de Servicios de la Sociedad de la Informaci\u00f3n y de Comercio Electr\u00f3nico (LSSI-CE), IGLESIA EVANG\u00c9LICA DE VILADECANS informa de los siguientes datos: Titular del sitio web Raz\u00f3n Social: IGLESIA EVANG\u00c9LICA DE VILADECANS CIF: R5800335A [&hellip;]<\/p>\n","protected":false},"author":1,"featured_media":0,"parent":0,"menu_order":0,"comment_status":"closed","ping_status":"closed","template":"","meta":[],"aioseo_notices":[],"_links":{"self":[{"href":"https:\/\/www.cristianos-viladecans.org\/wp2018\/wp-json\/wp\/v2\/pages\/152"}],"collection":[{"href":"https:\/\/www.cristianos-viladecans.org\/wp2018\/wp-json\/wp\/v2\/pages"}],"about":[{"href":"https:\/\/www.cristianos-viladecans.org\/wp2018\/wp-json\/wp\/v2\/types\/page"}],"author":[{"embeddable":true,"href":"https:\/\/www.cristianos-viladecans.org\/wp2018\/wp-json\/wp\/v2\/users\/1"}],"replies":[{"embeddable":true,"href":"https:\/\/www.cristianos-viladecans.org\/wp2018\/wp-json\/wp\/v2\/comments?post=152"}],"version-history":[{"count":9,"href":"https:\/\/www.cristianos-viladecans.org\/wp2018\/wp-json\/wp\/v2\/pages\/152\/revisions"}],"predecessor-version":[{"id":662,"href":"https:\/\/www.cristianos-viladecans.org\/wp2018\/wp-json\/wp\/v2\/pages\/152\/revisions\/662"}],"wp:attachment":[{"href":"https:\/\/www.cristianos-viladecans.org\/wp2018\/wp-json\/wp\/v2\/media?parent=152"}],"curies":[{"name":"wp","href":"https:\/\/api.w.org\/{rel}","templated":true}]}}